= -818. Is g composite?
True
Let o(c) = 286*c**2 - 30*c + 3. Is o(-13) composite?
True
Let n = -17678 - -24799. Is n prime?
True
Let w = 40985 - 2202. Is w prime?
True
Is 21/(-49) + (-59744)/(-14) a composite number?
True
Let d(y) = 5*y**2 - 35*y + 107. Is d(22) composite?
True
Let z = -48 - -54. Suppose -z*c = -597 + 171. Is c composite?
False
Suppose b - 4*t + 5 = -2, 2*b + 10 = 4*t. Is (5406/(-18) - -2)/(1/b) composite?
True
Let i be -5 + 2 - (-2)/((-2)/(-3)). Suppose -2*m - a = -4*a - 1882, a = i. Is m a composite number?
False
Let v(k) = -3*k**2 + 3*k + 4. Let u be v(-2). Let w(x) = 4*x**2 - 8*x - 4. Let y be w(u). Let b = -475 + y. Is b prime?
False
Let f be (6 - 3) + (-2 - 1). Suppose f = -4*h + 264 + 224. Is h composite?
True
Let v be -3 + (-4 - -2) + 7. Suppose -4*l = 16, v*l = -5*i + i + 12284. Is i prime?
False
Let u be ((-14)/(-5))/((-2)/10). Is u*2/((-20)/215) a composite number?
True
Suppose 8*g = 20 + 4. Suppose 3*m = -a + 208, 0 = -2*a - m - g*m + 410. Is a a composite number?
False
Let j = -5351 - -12420. Is j prime?
True
Let u be (-16)/(-12) + (-2)/(-3). Suppose 4*z = p + u*z - 1, 5*z + 10 = 5*p. Suppose -4*m + 104 = -l, m + 2*l - 26 = p*l. Is m prime?
False
Let v(a) = -a + 1. Let s be v(-4). Suppose -5*u + 5*b = 5, -2*u + 0*b - 5*b = -5. Suppose 0 = 2*m + s*c - 41, u*m + 114 = 5*m + c. Is m composite?
False
Let g(s) = s**3 - 5*s**2 + 2*s + 19. Let m be g(7). Suppose 905 = -4*j + 2385. Suppose -j = -x - m. Is x composite?
False
Suppose 3*d = 2*a + 5, 6*a - 3*a = -4*d + 18. Suppose -d*x - 3 = -12. Suppose -x*q + 34 = -65. Is q a prime number?
False
Suppose -4*d = -11870 - 6054. Suppose d = 7*h - 6978. Is h a composite number?
False
Suppose 125807 = 3*p + 2*g, 5*p + g - 110814 - 98855 = 0. Is p prime?
False
Let r(j) = 14*j**2 - j + 2. Let t be r(2). Let v(s) = 4*s**2 - 15*s + 12. Let b be v(6). Let o = t + b. Is o prime?
False
Let v(l) = -834*l - 61. Is v(-32) a composite number?
False
Suppose -3*w = 127 + 26. Suppose -11*x = -6*x + 10, -4*l = 4*x - 1884. Let j = w + l. Is j prime?
False
Let v = -13 - -15. Suppose h = v*h - 397. Is h a prime number?
True
Let n = -17 - -8120. Let g = n - 3596. Is g a composite number?
False
Suppose 6*q - q = 6735. Is q composite?
True
Let m = 94 - 20. Suppose z + 2*a - 307 = 0, 2*z = 4*a - m + 720. Let d = z + -200. Is d a prime number?
False
Let i(c) = c**3 + 3*c**2 - 4*c - 5. Let t be i(-4). Let l be -15*((-10)/(-6))/t. Suppose 3*q - 2296 = -l*a - 314, 400 = a - 3*q. Is a a composite number?
False
Let c(n) = -698*n**3 + n**2 + 11*n + 9. Is c(-3) prime?
False
Let a(y) = 12*y**2 + 1. Suppose 5*d - 28 = -8. Suppose -1 + 9 = -2*f, 2*v + 18 = -d*f. Is a(v) a prime number?
True
Let h(f) = 8*f**2 - 11*f - 47. Is h(-6) composite?
False
Is (-7)/(35/(-73146)) - (-18)/(-90) composite?
False
Let c(u) = -u + 34. Let i be c(-8). Is 3/18 + 38339/i prime?
False
Let m be -1*88*(-33)/6. Suppose 4*r - m = 400. Suppose r = 4*k - 3*t, 2*t + 231 = 4*k + t. Is k composite?
False
Let q(o) = -o**2 - 16*o + 20. Let k be q(-17). Is 9/k*1923/9 composite?
False
Let z = -7915 + 13664. Is z a prime number?
True
Let l = -6225 + 14492. Is l a prime number?
False
Suppose 0 = 4*q + 2*g - 3620, 0*q - 2717 = -3*q - g. Is q composite?
False
Suppose -4*q = -2794 - 2450. Suppose 4*h - 10 - 6 = 0. Suppose -v + h*v = q. Is v a prime number?
False
Let w be 4/22 + (-1)/(22/(-84)). Is 0 + (-3 + w - -84) a prime number?
False
Let a(k) = 2*k**2 - 17*k - 19. Let s be a(10). Suppose s*u - 9622 = 34257. Is u composite?
False
Let m be (-2)/3*(-105)/10. Suppose m*p + 5570 = 9*p. Is p prime?
False
Suppose 0 = 5*p + 4*i - 96465, -2*i = 7*p - 11*p + 77146. Is p a composite number?
False
Let p(w) = 17215*w + 18. Is p(1) composite?
True
Let t = -7308 + 19171. Is t a prime number?
True
Suppose 2052 = 4*p + 3*g - 9263, 5*p - 14140 = -5*g. Is p a composite number?
True
Suppose -9047 = -3*t + 5*k, 4*k = -2*t - 0*k + 6046. Is t composite?
False
Suppose -w = -4*k - 140, 3*k + 0*w - 2*w = -105. Is k*(-4 - -5)/(-1) composite?
True
Let s be 1/1*17 + 3. Suppose 7*k = 2*k + s. Suppose 2*p + 6*z = z + 412, 8 = -k*z. Is p prime?
True
Is (6 + (-385)/66)*109086 a prime number?
True
Let g = 102 + -97. Suppose -3*j = 3, g*j = 5*l + 2*j - 20248. Is l prime?
True
Let a = 843 - -63. Let u = 1736 - a. Let i = u + -511. Is i prime?
False
Is -1*(-2)/(-4)*-7886 prime?
True
Suppose -3*k + 6*k - 5*q = 15034, -5 = q. Is k/2 + 45/30 a prime number?
True
Let q(n) = -48*n**3 + n**2 + n - 2. Let u be q(1). Let t = u - -131. Is t prime?
True
Let y be (36/4*3)/1. Suppose -y*c = -24*c - 2193. Is c prime?
False
Suppose 0 = -65*p + 70*p + 2840. Let w = 151 - p. Is w a composite number?
False
Let f(j) = 2820*j**3 + j**2 + 2*j - 4. Is f(1) composite?
False
Is (2 - (-3)/(-2))/(10/1567340) composite?
False
Suppose -12 = -3*b, -l + 3*l - b = 952. Is l composite?
True
Suppose -5*l + 16 = -3*l. Suppose l = -2*c + 6. Is (13 - 14)*c*74 a prime number?
False
Let n(d) = d - 17. Let x be n(13). Let w be 174/x*(-40)/6. Suppose 3*m = m + w. Is m prime?
False
Suppose 3*y - 3*j = -6*j + 2226, 5*j = y - 766. Suppose y = 6*z - 4*z. Is z composite?
False
Let h(m) = 22*m - 41. Let g be h(4). Let c be 3/(-3)*4/(-2). Suppose 4*k = -4*o + 332, g + 99 = c*k - 3*o. Is k prime?
True
Is (-8 - (-138)/18)/(2/(-154866)) composite?
True
Let p = 1 + 6. Suppose -4*x = -3*t - 2104, -5*x + 0*t - t = -2611. Suppose -p*f + 2*f = -4*l + x, -4*f = -l + 139. Is l a composite number?
False
Let c = 1423 + -432. Is c a prime number?
True
Is (10391/(-2))/(10/(-20)) composite?
False
Is 1262/((-20)/8*4/(-5)) prime?
True
Let q = -26 + 28. Let x(n) = 3 - 1 + 10*n**q - 69*n + 66*n. Is x(3) prime?
True
Suppose -59855 = 49*t - 54*t. Suppose 9*h - t = -478. Is h composite?
False
Let f(k) be the first derivative of 103*k**2/2 - 41*k - 20. Is f(12) prime?
False
Let g be 5 - 3 - (0 + -9). Let z = 1 + g. Suppose -2*v + 3*j + 36 = -30, 3*j = z. Is v a composite number?
True
Suppose -22*j = -54262 - 14092. Is j prime?
False
Let h(y) = -2*y + 2. Let j be h(7). Let a = -8 - j. Suppose 2*g + 207 = a*g + 5*c, 430 = 5*g - 5*c. Is g composite?
True
Let p(d) = -3*d**3 + d**2 + 2*d - 1. Let y be p(-5). Suppose -2*j = -4*l + l - 485, 2*l = -5*j + 1260. Let x = y - j. Is x prime?
True
Let d = -278 + 297. Is d composite?
False
Suppose -282 + 2482 = 2*k - 2*h, 2*k + 2*h - 2196 = 0. Is k a composite number?
True
Let w = 21 + -8. Let u(l) = 5*l**2 + 6*l - 7. Let s be u(w). Is s/3 + (-8)/24 composite?
True
Let t(g) = -g**3 - 2*g**2 + 3*g + 2. Let j be t(-3). Is j/(6/2529) + -4 prime?
True
Suppose -271*g = -276*g + 236695. Is g composite?
False
Suppose 8 = 2*x + o - 3, 3*o = 5*x - 22. Suppose 3*k = 3, -k - 95 = -x*g + g. Is g/(-36) - 3016/(-6) prime?
False
Let l be (1 - -1)/(6/9). Suppose 3*i + 5 = g, -2*i - 2 - l = -g. Suppose -g*z + 797 = 132. Is z a composite number?
True
Suppose 0 = 10*u - 5*u - 16245. Suppose u + 159 = 3*m. Suppose 0 = -4*q - 4*z + m, 184 = q - 2*z - 109. Is q a composite number?
True
Let v(j) = 3*j**3 + j**2 - 5. Suppose 0 = -4*q + 5*q - 4. Is v(q) a prime number?
False
Let x(b) = 68*b + 1. Let y(m) = -m + 1. Let h(p) = x(p) + 6*y(p). Let u = 0 + 6. Is h(u) a prime number?
True
Suppose l = 4*w - 2308, 0 = -7*l + 5*l - 8. Let v be 2/(-5) - 24/(-10). Suppose 4*z = 4*j - w, 3*j - 7*j + v*z + 572 = 0. Is j a composite number?
True
Suppose -5*c + p = -195, 4*c + p = -p + 142. Suppose -3*q + 4*q = c. Is q composite?
True
Suppose c - 4777 = 3*d, 5*c - 2*d - 23913 = -d. Is c a composite number?
False
Let l = 32394 + -22807. Is l prime?
True
Let w = -38703 - -54193. Suppose 4554 = 4*t - w. Suppose 0 = -6*a - 697 + t. Is a composite?
False
Let n = 121 - -182. Is n prime?
False
Suppose 0 = 3*f - f + 374. Let m(k) = 2*k**3 + 10*k**2 - 3*k - 6. Let n be m(-8). Let q = f - n. Is q a composite number?
False
Let p be 4 + (-3)/(-1) + -2. Suppose p*h = -7*s + 2*s + 40, -3*s = h - 14. Suppose -5*c = -s*u - 1865, 3*c + 0*u = -u + 1119. Is c a prime number?
True
Suppose 18254 = 4*z + 2*d, -2*z + 2*d + 577 = -8535. Is z a prime number?
True
Let l(h) = 47*h**2 + 27*h + 35. Is l(-17) prime?
True
Suppose -h - 107 = -2*h. Let y(v) = -v + 1. Let w be y(-3). Suppose 2*o = s + h, 68 = 2*o + w*s - 34. Is o a prime number?
True
Let n = 0 - -12. Suppose 5*r - 3